t common factor of 725 and v?
25
Suppose -41300 = -77*x - 2*x - 10569. Calculate the greatest common factor of x and 2.
1
Suppose -s + 5*g + 3472 = 0, -4*s - 135*g + 13888 = -140*g. Calculate the highest common factor of 70 and s.
14
Let o = -103 + 109. Suppose -o = -2*i + 5*i, -2*z = 5*i - 102. Calculate the greatest common factor of 28 and z.
28
Let q be (-65)/5 - (-12 + -23). What is the highest common divisor of 1892 and q?
22
Let j be 258 + 0 - 14/(-7). Let v = -64 + j. Suppose 2*i = -5*i + v. Calculate the highest common divisor of i and 70.
14
Suppose 94*h - 75*h = 4560. What is the greatest common factor of h and 264?
24
Let p = 14 - 12. Suppose -p*j = 4, 0*y + 2*j - 28 = -4*y. What is the highest common divisor of y and 128?
8
Let x(d) = d**3 + 7*d**2 + 5*d + 1. Let a be x(-6). Suppose -24*u - 76 = -20*u. Let o = u - -33. Calculate the greatest common divisor of o and a.
7
Suppose 0 = 4*s + 4*x + 552, -s + 5*s - 3*x + 587 = 0. Let o be ((-14)/28)/((-1)/(-2)) - -312. Let v = o + s. Calculate the highest common factor of 28 and v.
28
Let p = -248 - -249. Let t(z) = 17*z + 1. Let o be t(p). Calculate the greatest common divisor of 198 and o.
18
Suppose -66 = 17*q - 20*q. Suppose 22 - q = -5*c. Suppose -4*n = -4*s - c*s + 472, -4*n = 2*s - 224. What is the greatest common divisor of s and 29?
29
Let l(i) = -86*i + 434. Let x be l(5). Let z be 37/4 - (-28)/(-112). Calculate the highest common factor of x and z.
1
Let v be ((-16)/64)/(2/192*-3). Let y be (1073 + -1)/4 + 3. Suppose 81 = 4*c - y. Calculate the greatest common divisor of c and v.
8
Let l = 2 - -5. Suppose -2*y + 19 = l. Calculate the highest common divisor of 6 and y.
6
Let a be (144/(-21))/(19/((-3325)/10)). What is the highest common factor of a and 1640?
40
Let v = 294 - 274. Suppose g - v = -5*q + 26, -g + 66 = q. Calculate the highest common factor of g and 71.
71
Suppose 1478 = -3*d - j, 0*j + 2*j = -10. Let l = 512 + d. What is the greatest common factor of l and 77?
7
Let a be -7*6 - (0/3 - 0). Let d be ((-3)/(-6))/(a/44 - -1). Suppose -1 - d = -f. Calculate the greatest common divisor of 48 and f.
12
Suppose -450 = 3*q - 5*q. Let g = 254707 + -254682. What is the greatest common divisor of q and g?
25
Let r be 1050/(23 + -9) - 15. Suppose -4*u = -6 - 6. Suppose -u*d - 18 = -r. Calculate the highest common divisor of 28 and d.
14
Suppose 66*f - 37428 = 204198. Calculate the highest common factor of 14 and f.
7
Let r be (-28)/(8 - 68*(-9)/(-72)). What is the greatest common divisor of 11 and r?
1
Suppose -218*d - 666 = -212*d. Let p be (37/d)/((-2)/1092). What is the highest common factor of p and 42?
14
Let v(a) = -a**3 - 19*a**2 - 25*a + 5. Let w be v(-12). Let i = w + 705. Let q = 9 + -2. Calculate the highest common divisor of i and q.
1
Suppose 4*c - 282 - 102 = 0. Let x = -40 - -36. Let q be ((2 - 10)/(-1))/((-1)/x). What is the greatest common divisor of c and q?
32
Suppose -3*b - 5*k + k = -18, 4*b - k = 5. Suppose 4*u + 10 = -b. Let a be ((-12)/(-15)*u)/(1/(-5)). Calculate the greatest common divisor of 132 and a.
12
Let p be 1/1 + 19 + 1. Let g = -9621 + 9630. Calculate the greatest common divisor of p and g.
3
Let m be ((-296700)/(-1505))/((-4)/(-14)). What is the highest common divisor of m and 2208?
138
Let o be (-1)/(-3) + 88/6. Let c(a) = 5*a**3 + 5*a**2 + 7*a + 2. Let u be c(-1). Let x be (-23)/u + 6/o. What is the highest common factor of 1 and x?
1
Let u(a) be the second derivative of a**4/12 - 5*a**3 + 17*a**2 + 16*a. Let j be u(29). What is the highest common divisor of 2 and j?
1
Suppose -33*g - 20*g + 684 = -15*g. Calculate the highest common factor of g and 4707.
9
Let k = 2326 + -2312. What is the highest common divisor of k and 581?
7
Let g be (51/60 + 10/(-8))*-25. Let q = 33 + 22. Calculate the greatest common divisor of q and g.
5
Let p = -1939 + 3019. Suppose p = 11*b - b. Calculate the greatest common factor of 12 and b.
12
Let c be ((-3627)/558)/((-3)/15090). Calculate the highest common divisor of c and 65.
65
Let m be (-8 - 36)*10/(-4). Let g(y) = y**3 - 12*y**2 - 6*y - 47. Let u be g(13). What is the greatest common factor of u and m?
22
Suppose -24*x - 139*x - 22*x + 16095 = 0. What is the highest common divisor of 667 and x?
29
Let l = 678 + -404. Suppose 3*d + 58 = l. Suppose 4*n = 98 + 622. What is the greatest common factor of d and n?
36
Let n(l) = 12*l**2 - l - 1. Let c be n(-2). Suppose 0 = -27*r + 11*r - 112. Let o be (-3 + 2)/((-1 - -2)/r). What is the greatest common factor of c and o?
7
Let r(w) = 147*w**2 - 2*w + 1. Let o be r(1). Suppose 174*x - 992 = 50*x. Suppose x = 7*a - o. What is the greatest common divisor of 198 and a?
22
Let w(x) = 3*x**3 - 11*x**2 - 1. Let b be w(6). Let l = -186 + b. Calculate the greatest common factor of l and 715.
65
Suppose 0 = -31*q - 26 - 5. Let a(z) = 1213*z**2 - 19*z - 16. Let g be a(q). What is the highest common factor of g and 76?
76
Let z be -13 + 12 + 3*(2 - 93). Let j = z - -603. Let w = -186 + j. What is the greatest common factor of w and 11?
11
Suppose 12*m = 13*m - 2. Let o be (1 - 11)*(-3)/m. Suppose 0 = -12*y + o*y - 312. Calculate the highest common factor of y and 26.
26
Let c(l) = -4*l + 73. Let d = -233 + 246. Let j be c(d). What is the highest common factor of j and 147?
21
Let h(j) = -19*j**2 + j + 2366. Let k be h(0). Calculate the greatest common divisor of 14 and k.
14
Let h(a) = -353*a**3 + 6*a**2 + 14*a + 7. Let u be h(-1). What is the greatest common divisor of 11 and u?
11
Suppose -180 + 612 = -12*z. Let i(s) = -23*s + 261. Let w be i(z). Calculate the highest common divisor of w and 9.
9
Let z(o) = -o**2 - 15*o - 33. Suppose 5*d + 60 = -0*d. Let v be z(d). Calculate the highest common divisor of v and 21.
3
Suppose -5*s = 2*b + 21, 4*s + 28 = -47*b + 51*b. Suppose 2*u - b*p + 67 = 3*u, -91 = -u + 4*p. Calculate the highest common divisor of 825 and u.
75
Let t = -718 - -488. Let l = 485 - t. What is the highest common factor of l and 65?
65
Let b(k) = 2*k**3 - 60*k**2 + 882*k - 18. Let t be b(23). Calculate the greatest common factor of 218 and t.
218
Let z be (-4)/2 + -6 + 17. Suppose -4 = -4*h - 4*l, -2*h + l + z = -8. Suppose -h*w + 627 - 165 = 0. What is the greatest common factor of 7 and w?
7
Let i be ((-4)/(-2))/(2368326/74010 + -32). Calculate the highest common divisor of i and 10.
10
Let h = 2875 - 2846. Calculate the highest common factor of 667 and h.
29
Let q be 8874/(-2)*82/(-246). What is the highest common divisor of 58 and q?
29
Let v be 18 + -1 + -7 + -7. Suppose -15 = -3*o - v*f + 168, -2*o + 112 = 4*f. What is the highest common factor of o and 363?
33
Let z = 27 + -28. Let h be (-5)/(-3 - z/2) + 18. What is the highest common factor of h and 180?
20
Suppose 18 = -41*g + 316 + 194. Calculate the greatest common divisor of 23172 and g.
12
Suppose 6788*v - 6787*v - 3322 = 0. What is the greatest common factor of 66 and v?
22
Let d = 5532 + -4996. What is the greatest common factor of d and 469?
67
Let x = 2267 + -2324. Suppose 4*a + 505 = 2*c + 3*c, c + 2*a - 101 = 0. Let g = x + c. What is the highest common factor of g and 4?
4
Let x be -10 + 6 + (16 - 0). Suppose 0 = 3*w + 2*k - x, 3*w + k - 4 - 5 = 0. Suppose -w*z - 80 = -3*z. Calculate the greatest common factor of 10 and z.
10
Let n be -78*(-7 - 16 - 466). Calculate the greatest common factor of n and 18.
18
Let i(p) = 70*p - 2090. Let b be i(30). What is the greatest common divisor of 1930 and b?
10
Let u be (395/(-158))/(6/8 - 2). What is the greatest common divisor of u and 58?
2
Let t be 4/5*30/((-42)/7). Let d be (-2)/t*(0 + 168). Suppose -3*s = -2*w + d, w + 0*s - 28 = -2*s. What is the highest common factor of w and 24?
12
Let a(x) = -x**3 + 16*x**2 - 31*x + 46. Let t be a(14). Suppose t*n + k + 0*k - 2666 = 0, -675 = -n + 4*k. Calculate the highest common divisor of 23 and n.
23
Suppose 0 = 23*m + 865 - 1210. Calculate the highest common factor of m and 13605.
15
Let z(q) = q**3 + 36*q**2 - 93*q - 349. Let k be z(-38). Calculate the greatest common divisor of k and 429.
33
Suppose 5*y = 29*d - 32*d + 172, 5*d + 4*y = 278. What is the greatest common divisor of d and 243?
27
Let r be (-5)/((-175)/11186)*140/56. Calculate the greatest common factor of r and 51.
17
Suppose -4*r 